or of 11 and k.
11
Suppose 121 - 37 = 4*x. Let r be (4/4 - -1)/((-12)/(-54)). Suppose -546 = -4*v - r*v. What is the highest common factor of v and x?
21
Suppose 0 = 4*g - 2*g + g. Let o(d) = d**3 + 2*d - 34. Let j be o(g). Let f = 270 - j. Calculate the greatest common divisor of 38 and f.
38
Let l be (-1)/6 - (-1374)/36. Let x = l - 38. Suppose x = -z - 3*n + 94, z - 3*n = 98 - 10. Calculate the greatest common factor of z and 13.
13
Let h(m) = -17*m**3 + 2*m**2 - m - 15. Let b be h(-3). Calculate the greatest common divisor of 15 and b.
15
Let i = 11 - -7. Let r(v) = 170*v - 6. Let h be r(-1). Let x = 185 + h. What is the highest common factor of i and x?
9
Let s(d) = 15*d - 3. Let m be s(3). Let k(i) = 161*i - 3. Let q be k(5). Let v = q + -697. Calculate the greatest common divisor of v and m.
21
Suppose -2*x - 3*c = 2, -2*x + 2*c = 1 - 9. Let m(l) = 17*l + 3 + 11*l**x - 11*l - 8*l**2. Let u be m(5). Calculate the greatest common factor of 36 and u.
36
Let s(x) = -2*x**2 + 62*x + 5605. Let k be s(69). Let j(m) = -m**3 - 6*m**2 - 5*m - 8. Let f be j(-7). What is the highest common divisor of k and f?
19
Suppose -4*f + 8*f - 3*q - 831 = 0, -f + 4*q + 211 = 0. What is the greatest common factor of f and 1587?
69
Let s = -316 + 45. Let j = s + 285. What is the highest common factor of j and 98?
14
Suppose 0 = -x - 3*b - 19 + 7, -32 = -4*x + 4*b. Suppose y - x - 54 = 5*u, 4*u + 20 = 0. Calculate the greatest common factor of y and 352.
32
Let w be 6557/166*(1 - -205). Calculate the highest common factor of w and 309.
103
Let y be 4/(-8) + (-3 - 1390/(-4)). Calculate the greatest common factor of 215 and y.
43
Let m = 286 + -198. Suppose -68*f = -67*f - 132. Calculate the highest common divisor of m and f.
44
Let p = 697 - 698. Let t be (679/14*6/p)/(-1). Calculate the highest common factor of 3 and t.
3
Let j be 10/45 - (-2 - (-101)/9). Let b(o) = o**3 + 12*o**2 + 26*o - 6. Let c be b(j). Calculate the greatest common factor of c and 45.
3
Let a = -36696 + 36748. Calculate the highest common factor of 26156 and a.
52
Suppose 2*x - 2 = 0, 5*x - 497 = -4*d - 36. Suppose -3*b + d - 42 = 0. What is the greatest common factor of b and 168?
24
Let u(z) be the third derivative of z**5/60 + 2*z**4/3 + 25*z**3/3 - 8*z**2 + 5. Let j be u(-12). Calculate the highest common divisor of 8 and j.
2
Suppose -2*o + 2*k = -28, 418 = 2*o - 5*k + 384. What is the highest common factor of 6372 and o?
12
Suppose 306*x - 394 = 304*x. Calculate the highest common divisor of x and 3.
1
Suppose 85 = -4*j + 5*x, 28 + 27 = -5*j - 4*x. Let o be 4/(-10) - (606/j + -9). Calculate the greatest common factor of 7 and o.
7
Suppose 4 = -3*m + 4*m. Let o be (-110)/220 - (0 + (-154)/m). Calculate the highest common divisor of o and 38.
38
Let l be 14162 + ((-73)/15 - 6*11/495). What is the highest common divisor of l and 22?
11
Let n(x) = 0*x - 2 + 3*x - x**2 + 14 - 2*x. Let a be n(0). Let h(k) = k**3 - 10*k**2 + 19*k - 6. Let g be h(9). What is the greatest common divisor of g and a?
12
Let p(r) = r**3 - r**2 - r + 20. Suppose 0 = 2*k - 5*l, 5*k = k + 2*l. Let t be p(k). Let b = 128 - 124. What is the greatest common factor of t and b?
4
Suppose -139*n = -46*n - 20925. What is the highest common divisor of n and 350?
25
Suppose 0 = 3*h + 11 + 4, -25 = -2*s + 3*h. Suppose 3*g - 2*t = 7*g - 10, s*g - 20 = -t. What is the highest common factor of g and 25?
5
Suppose -33*i + 11850 = -3568 - 1313. Calculate the greatest common divisor of i and 27.
3
Suppose k = -15*k + 3184. Let v = 25 + k. What is the greatest common divisor of v and 168?
56
Suppose -53*i - 395 = -52*i. Let b = -335 - i. Calculate the greatest common divisor of b and 540.
60
Let i be (-14)/(-8) + -1 + (-1)/(-4). Let g be (i/(20/(-8)))/((-1)/40). Suppose 5*m = 7*m - g. Calculate the highest common divisor of m and 32.
8
Let q(b) = -138*b - 85. Let z be q(9). Let k be 1/((-6)/z) - (-6)/(-36). What is the highest common divisor of 17 and k?
17
Let s = 267 + -262. Suppose 0*z + z + 5*n = 25, s*z - 103 = -3*n. Calculate the highest common factor of z and 8.
4
Let l be (-9 - -22) + 14 + 0. Calculate the highest common factor of l and 4563.
27
Let z be ((-49)/(-4))/(-1) + 5/20. Let o(h) = -46*h - 2. Let k be o(z). Calculate the greatest common divisor of k and 50.
50
Let g = -306 - -1209. What is the greatest common divisor of g and 42?
21
Let y be 841 + -2 - 7/((-21)/27). What is the highest common divisor of 795 and y?
53
Suppose -8*x - 34*x = -2195 - 5995. What is the greatest common divisor of x and 165?
15
Let n be 34/(-3) + (-8)/12. Suppose -238*k + 234*k = 20. Let r be -8*k/n*-3. Calculate the highest common divisor of r and 10.
10
Suppose -21*k = 4*i - 16*k - 390, -4*k - 372 = -4*i. Calculate the greatest common divisor of 2565 and i.
95
Let u = 3271 - 3204. Calculate the greatest common factor of u and 5.
1
Let g be ((-92334)/(-19586))/(2/(-9) - 23/(-63)). What is the highest common factor of 21021 and g?
33
Suppose 96*n = 15123 - 3219. Calculate the highest common factor of 961 and n.
31
Suppose -5*u + 1841 = -209*c + 207*c, -u + 2*c + 365 = 0. What is the greatest common factor of u and 477?
9
Let v(i) = 6*i**2 - 47*i + 13. Let z be v(8). Suppose 3*w = 5*n - 36, -z*w - 3 = -2*n - 16*w. Calculate the highest common divisor of 21 and n.
3
Let u = 712 - 712. Suppose 5*p = 5*r + 3*p - 1438, -3*r - p + 854 = u. What is the greatest common factor of 104 and r?
26
Let f = -2352 - -2367. Let r = -55 + 88. Let y = -23 + r. Calculate the highest common divisor of y and f.
5
Suppose 0 = 3*s - 2*r - 606, 36*s + 4*r + 396 = 38*s. What is the highest common factor of s and 108?
12
Let y(t) = -32*t + 1253. Let w be y(36). Calculate the greatest common divisor of w and 16059.
101
Let b be 0 - (0 + -3 - -101). Let h = b + 166. Suppose -2*u = p - 14, 2*u = -0*p - 4*p + h. What is the highest common divisor of p and 2?
2
Let m = -151 - -412. Suppose 2*f + 43*u = 45*u + 66, 0 = -2*f - 3*u + 46. What is the highest common divisor of f and m?
29
Let r be (102*4/(-3))/(((-9)/6)/3). What is the highest common divisor of 304 and r?
16
Suppose -380 = 5*d - j, d - 4*j + 153 = 58. Let c(g) = -5*g + 4. Let s be c(14). Let l = s - d. What is the greatest common factor of l and 72?
9
Suppose 9*i - 212 = 184. Let c(h) = 10*h**2 - 2. Let l be c(-3). Suppose 0*t + 4*t - l = 0. Calculate the highest common divisor of i and t.
22
Let g be (57/95)/(0 - 1/(-5)). Suppose 3*y = -6*i + 4*i + 434, -g*y - 5*i = -419. What is the greatest common divisor of 12 and y?
4
Let c be -3 - (-1 - 1) - -3. Let s be -2*((-58)/4 - c). Suppose 283 - 16 = o + 4*u, 0 = 4*o + u - 933. What is the highest common factor of o and s?
33
Let t = 14786 - 12386. Calculate the greatest common divisor of 700 and t.
100
Let u(c) = -c**2 - 26*c - 48. Let b be u(-37). Let i = 489 + b. What is the greatest common factor of 34 and i?
34
Let h(y) = y**3 - 93*y**2 + 98*y - 19. Let m be h(92). What is the greatest common divisor of 559 and m?
13
Let q be 257 - (-10 - (1 + 0 + (-24)/4)). Calculate the highest common divisor of q and 14803.
131
Suppose -10*g + 21*g + 16*g - 86211 = 0. What is the highest common factor of 206 and g?
103
Let w(u) = 391*u**2 + 2*u. Let r be w(1). Let c = r - 377. What is the highest common factor of c and 36?
4
Suppose -79 = 3*s - 0*s - 127. Suppose 4*j + 2*f - f = 116, 0 = 5*j - f - 136. What is the highest common factor of j and s?
4
Suppose -5*q = -13*y + 6374, -y + 4*y - 1472 = q. Suppose v + 34 = 2*b, b - v - 3*v - 17 = 0. Calculate the highest common divisor of y and b.
17
Suppose -125 = 11*b - 16*b. Suppose 5*w = -5*m - 25, -2*m + 0*w = -3*w + b. Let s be m/(-14) - (-5060)/161. What is the highest common factor of 4 and s?
4
Let r(a) = -9*a**2 - 148*a + 50. Let s be r(-16). Let w be 3048/14 - 4/(-14). Let p = w - s. What is the highest common factor of p and 13?
13
Suppose 49*p - 133704 - 3533 = 18*p. What is the highest common divisor of p and 38?
19
Let s(r) = 3*r**2 - 28*r - 10. Let f be s(10). Let u be (17 - f)*(-50)/(-35). What is the highest common divisor of u and 70?
10
Let q = -39 - -34. Let l be (-13)/((-2)/q + 7/(-5)). Let o(m) = 4*m - 45. Let j be o(l). Calculate the greatest common factor of j and 28.
7
Let r = 102 + -77. Suppose -67 